{"id":4291,"date":"2018-12-19T12:46:23","date_gmt":"2018-12-19T11:46:23","guid":{"rendered":"http:\/\/migennesrugby.fr\/?page_id=4291"},"modified":"2020-08-28T17:15:01","modified_gmt":"2020-08-28T16:15:01","slug":"tournoi-2019","status":"publish","type":"page","link":"https:\/\/migennesrugby.fr\/?page_id=4291","title":{"rendered":"Tournoi 2020"},"content":{"rendered":"\n<pre class=\"wp-block-preformatted\"><\/pre>\n\n\n\n<figure class=\"wp-block-image size-large is-resized\"><img loading=\"lazy\" decoding=\"async\" src=\"https:\/\/migennesrugby.fr\/wp-content\/uploads\/2020\/08\/93771255_3775541212518935_7872654884401577984_o-1024x624.jpg\" alt=\"\" class=\"wp-image-5656\" width=\"512\" height=\"312\" srcset=\"https:\/\/migennesrugby.fr\/wp-content\/uploads\/2020\/08\/93771255_3775541212518935_7872654884401577984_o-1024x624.jpg 1024w, https:\/\/migennesrugby.fr\/wp-content\/uploads\/2020\/08\/93771255_3775541212518935_7872654884401577984_o-300x183.jpg 300w, https:\/\/migennesrugby.fr\/wp-content\/uploads\/2020\/08\/93771255_3775541212518935_7872654884401577984_o-768x468.jpg 768w, https:\/\/migennesrugby.fr\/wp-content\/uploads\/2020\/08\/93771255_3775541212518935_7872654884401577984_o.jpg 1181w\" sizes=\"(max-width: 512px) 100vw, 512px\" \/><\/figure>\n\n\n\n<p class=\"has-text-align-center\"><\/p>\n\n\n\n\n\n<p><\/p>\n","protected":false},"excerpt":{"rendered":"","protected":false},"author":8,"featured_media":0,"parent":0,"menu_order":0,"comment_status":"closed","ping_status":"closed","template":"","meta":{"advgb_blocks_editor_width":"","advgb_blocks_columns_visual_guide":"","footnotes":""},"class_list":["post-4291","page","type-page","status-publish","hentry"],"uagb_featured_image_src":{"full":false,"thumbnail":false,"medium":false,"medium_large":false,"large":false,"1536x1536":false,"2048x2048":false,"wptouch-new-thumbnail":false,"post-thumbnail":false},"uagb_author_info":{"display_name":"Patrice","author_link":"https:\/\/migennesrugby.fr\/?author=8"},"uagb_comment_info":0,"uagb_excerpt":null,"coauthors":[],"author_meta":{"author_link":"https:\/\/migennesrugby.fr\/?author=8","display_name":"Patrice"},"relative_dates":{"created":"Publi\u00e9 7 ans il y a","modified":"Mis \u00e0 jour 6 ans il y a"},"absolute_dates":{"created":"Publi\u00e9 le 19 d\u00e9cembre 2018","modified":"Mise \u00e0 jour le 28 ao\u00fbt 2020"},"absolute_dates_time":{"created":"Publi\u00e9 le 19 d\u00e9cembre 2018 12 h 46 min","modified":"Mise \u00e0 jour le 28 ao\u00fbt 2020 17 h 15 min"},"featured_img_caption":"","featured_img":false,"series_order":"","_links":{"self":[{"href":"https:\/\/migennesrugby.fr\/index.php?rest_route=\/wp\/v2\/pages\/4291"}],"collection":[{"href":"https:\/\/migennesrugby.fr\/index.php?rest_route=\/wp\/v2\/pages"}],"about":[{"href":"https:\/\/migennesrugby.fr\/index.php?rest_route=\/wp\/v2\/types\/page"}],"author":[{"embeddable":true,"href":"https:\/\/migennesrugby.fr\/index.php?rest_route=\/wp\/v2\/users\/8"}],"replies":[{"embeddable":true,"href":"https:\/\/migennesrugby.fr\/index.php?rest_route=%2Fwp%2Fv2%2Fcomments&post=4291"}],"version-history":[{"count":34,"href":"https:\/\/migennesrugby.fr\/index.php?rest_route=\/wp\/v2\/pages\/4291\/revisions"}],"predecessor-version":[{"id":5878,"href":"https:\/\/migennesrugby.fr\/index.php?rest_route=\/wp\/v2\/pages\/4291\/revisions\/5878"}],"wp:attachment":[{"href":"https:\/\/migennesrugby.fr\/index.php?rest_route=%2Fwp%2Fv2%2Fmedia&parent=4291"}],"curies":[{"name":"wp","href":"https:\/\/api.w.org\/{rel}","templated":true}]}}