{"id":674,"date":"2014-07-22T02:06:31","date_gmt":"2014-07-22T01:06:31","guid":{"rendered":"http:\/\/migennesrugby.fr\/?page_id=674"},"modified":"2020-08-16T10:50:55","modified_gmt":"2020-08-16T09:50:55","slug":"les-installations","status":"publish","type":"page","link":"https:\/\/migennesrugby.fr\/?page_id=674","title":{"rendered":"Nos installations"},"content":{"rendered":"\n<p><\/p>\n\n\n\n<h1 class=\"has-text-align-center wp-block-heading\"><span style=\"color: #ff0000;\"><strong>NOS INSTALLATIONS<\/strong><\/span><\/h1>\n\n\n\n<div class=\"wp-block-image\"><figure class=\"aligncenter\"><a href=\"https:\/\/migennesrugby.fr\/wp-content\/uploads\/2013\/10\/install1.jpg\"><img decoding=\"async\" src=\"https:\/\/migennesrugby.fr\/wp-content\/uploads\/2013\/10\/install1.jpg\" alt=\"install1\"\/><\/a><\/figure><\/div>\n\n\n\n<p class=\"has-text-align-center\"><span style=\"color: #000000;\"><strong>La section rugby dispose de trois terrains, dont deux \u00e9clair\u00e9s pour les entrainements.<\/strong><\/span><br><span style=\"color: #000000;\"> <strong> Le stade est en conformit\u00e9 avec le cahier des charges de la F.F.R (couloir de protection, tribune, main courante grillag\u00e9e, stade cl\u00f4tur\u00e9\u2026) Le stade a donc \u00e9t\u00e9 homologu\u00e9 par la F.F.R. Le club peux donc organiser des matchs de nationale. <\/strong><\/span><\/p>\n\n\n\n<p class=\"has-text-align-center\"><span style=\"color: #000000;\"><strong>La tribune a \u00e9t\u00e9 inaugur\u00e9e le 20 Avril 2000 par Monsieur Henry de RAINCOURT, pr\u00e9sident du conseil g\u00e9n\u00e9ral de l\u2019Yonne, et Monsieur Fran\u00e7ois MEYROUNE, maire de Migennes (de 1999 \u00e0 2001 et de 2008 \u00e0 2014). Cette tribune peut recevoir 300 personnes.<\/strong><\/span><\/p>\n\n\n\n<div class=\"wp-block-image\"><figure class=\"aligncenter\"><img loading=\"lazy\" decoding=\"async\" width=\"150\" height=\"150\" src=\"https:\/\/migennesrugby.fr\/wp-content\/uploads\/2014\/07\/3-150x150.jpg\" alt=\"3\" class=\"wp-image-968\"\/><\/figure><\/div>\n\n\n\n<div class=\"wp-block-image\"><figure class=\"aligncenter\"><a href=\"https:\/\/migennesrugby.fr\/wp-content\/uploads\/2014\/07\/4.jpg\"><img loading=\"lazy\" decoding=\"async\" width=\"150\" height=\"150\" src=\"https:\/\/migennesrugby.fr\/wp-content\/uploads\/2014\/07\/4-150x150.jpg\" alt=\"4\" class=\"wp-image-969\"\/><\/a><\/figure><\/div>\n\n\n\n<p class=\"has-text-align-center\"><a href=\"https:\/\/migennesrugby.fr\/wp-content\/uploads\/2014\/07\/3.jpg\">&nbsp;&nbsp;&nbsp;&nbsp;<\/a><\/p>\n\n\n\n<p class=\"has-text-align-center\"><span style=\"color: #000000;\"><strong> Les sections utilisatrices du stade disposent d\u2019une&nbsp; douzaine de vestiaires dans les diff\u00e9rents b\u00e2timents. <\/strong><\/span><\/p>\n\n\n\n<p class=\"has-text-align-center\"><span style=\"color: #000000;\"><strong>La salle M. Binet dispose de vestiaires au rez de chauss\u00e9e, <\/strong><\/span><span style=\"color: #000000;\"><strong>d\u2019un <\/strong><\/span><span style=\"color: #000000;\"><strong>club house et de deux bureaux.<\/strong><\/span><\/p>\n\n\n\n<div class=\"wp-block-image\"><figure class=\"aligncenter\"><a href=\"https:\/\/migennesrugby.fr\/wp-content\/uploads\/2014\/07\/13.jpg\"><img loading=\"lazy\" decoding=\"async\" width=\"150\" height=\"150\" src=\"https:\/\/migennesrugby.fr\/wp-content\/uploads\/2014\/07\/13-150x150.jpg\" alt=\"13\" class=\"wp-image-973\"\/><\/a><\/figure><\/div>\n\n\n\n<p class=\"has-text-align-center\"><a href=\"https:\/\/migennesrugby.fr\/wp-content\/uploads\/2014\/07\/12.jpg\">&nbsp;<\/a><a href=\"https:\/\/migennesrugby.fr\/wp-content\/uploads\/2014\/07\/10.jpg\">&nbsp;<\/a><\/p>\n\n\n\n<p class=\"has-text-align-center\"><span style=\"color: #000000;\"><strong>La derni\u00e8re r\u00e9alisation est une salle de musculation qui jouxte la buvette et les terrains. <\/strong><\/span><\/p>\n\n\n\n<div class=\"wp-block-image\"><figure class=\"aligncenter is-resized\"><img loading=\"lazy\" decoding=\"async\" src=\"https:\/\/migennesrugby.fr\/wp-content\/uploads\/2014\/07\/2-150x150.jpg\" alt=\"2\" class=\"wp-image-967\" width=\"150\" height=\"150\"\/><\/figure><\/div>\n\n\n\n<div class=\"wp-block-image\"><figure class=\"aligncenter\"><img loading=\"lazy\" decoding=\"async\" width=\"150\" height=\"150\" src=\"https:\/\/migennesrugby.fr\/wp-content\/uploads\/2014\/07\/1-150x150.jpg\" alt=\"1\" class=\"wp-image-966\"\/><\/figure><\/div>\n\n\n\n<figure class=\"wp-block-image size-large\"><img loading=\"lazy\" decoding=\"async\" width=\"600\" height=\"450\" src=\"https:\/\/migennesrugby.fr\/wp-content\/uploads\/2020\/07\/2.jpg\" alt=\"\" class=\"wp-image-5609\" srcset=\"https:\/\/migennesrugby.fr\/wp-content\/uploads\/2020\/07\/2.jpg 600w, https:\/\/migennesrugby.fr\/wp-content\/uploads\/2020\/07\/2-300x225.jpg 300w\" sizes=\"(max-width: 600px) 100vw, 600px\" \/><\/figure>\n\n\n\n<div class=\"wp-block-image\"><figure class=\"aligncenter size-large\"><img loading=\"lazy\" decoding=\"async\" width=\"600\" height=\"450\" src=\"https:\/\/migennesrugby.fr\/wp-content\/uploads\/2020\/07\/3.jpg\" alt=\"\" class=\"wp-image-5610\" srcset=\"https:\/\/migennesrugby.fr\/wp-content\/uploads\/2020\/07\/3.jpg 600w, https:\/\/migennesrugby.fr\/wp-content\/uploads\/2020\/07\/3-300x225.jpg 300w\" sizes=\"(max-width: 600px) 100vw, 600px\" \/><\/figure><\/div>\n\n\n\n<div class=\"wp-block-image\"><figure class=\"aligncenter\"><a href=\"https:\/\/migennesrugby.fr\/wp-content\/uploads\/2014\/07\/P1050809-R.jpg\"><img loading=\"lazy\" decoding=\"async\" width=\"150\" height=\"150\" src=\"https:\/\/migennesrugby.fr\/wp-content\/uploads\/2014\/07\/P1050809-R-150x150.jpg\" alt=\"P1050809 R\" class=\"wp-image-1289\"\/><\/a><\/figure><\/div>\n\n\n\n<p class=\"has-text-align-center\"><a href=\"https:\/\/migennesrugby.fr\/wp-content\/uploads\/2014\/07\/2.jpg\">&nbsp;<\/a><a href=\"https:\/\/migennesrugby.fr\/wp-content\/uploads\/2014\/07\/1.jpg\">&nbsp;<\/a><\/p>\n\n\n\n<p class=\"has-text-align-center\"><span style=\"color: #000000;\"><strong>Le rugby Migennois dispose de mat\u00e9riel sportif de premi\u00e8re qualit\u00e9. Des projets sont encore en pr\u00e9paration, leurs r\u00e9alisations permettront d\u2019optimiser les \u00e9quipements du stade Lucien MASSON.<\/strong><\/span><\/p>\n\n\n\n<div class=\"wp-block-image\"><figure class=\"aligncenter is-resized\"><a href=\"https:\/\/migennesrugby.fr\/wp-content\/uploads\/2014\/07\/Joug.jpg\"><img loading=\"lazy\" decoding=\"async\" src=\"https:\/\/migennesrugby.fr\/wp-content\/uploads\/2014\/07\/Joug-150x150.jpg\" alt=\"Joug\" class=\"wp-image-974\" width=\"150\" height=\"150\"\/><\/a><\/figure><\/div>\n\n\n\n<div class=\"wp-block-image\"><figure class=\"aligncenter\"><a href=\"https:\/\/www.creditmutuel.fr\/groupe\/fr\/index.html\"><img loading=\"lazy\" decoding=\"async\" width=\"300\" height=\"71\" src=\"https:\/\/migennesrugby.fr\/wp-content\/uploads\/2014\/07\/credit_mutuel-logo-300x71.jpg\" alt=\"credit_mutuel-logo\" class=\"wp-image-1277\" srcset=\"https:\/\/migennesrugby.fr\/wp-content\/uploads\/2014\/07\/credit_mutuel-logo-300x71.jpg 300w, https:\/\/migennesrugby.fr\/wp-content\/uploads\/2014\/07\/credit_mutuel-logo-1024x244.jpg 1024w\" sizes=\"(max-width: 300px) 100vw, 300px\" \/><\/a><\/figure><\/div>\n\n\n\n<p><\/p>\n","protected":false},"excerpt":{"rendered":"<p>NOS INSTALLATIONS La section rugby dispose de trois terrains, dont deux \u00e9clair\u00e9s pour les entrainements. Le stade est en conformit\u00e9 avec le cahier des charges de la F.F.R (couloir de protection, tribune, main courante grillag\u00e9e, stade cl\u00f4tur\u00e9\u2026) Le stade a &hellip; <a href=\"https:\/\/migennesrugby.fr\/?page_id=674\">Continuer la lecture <span class=\"meta-nav\">&rarr;<\/span><\/a><\/p>\n","protected":false},"author":10,"featured_media":0,"parent":10,"menu_order":4,"comment_status":"closed","ping_status":"closed","template":"","meta":{"advgb_blocks_editor_width":"","advgb_blocks_columns_visual_guide":"","footnotes":""},"class_list":["post-674","page","type-page","status-publish","hentry"],"uagb_featured_image_src":{"full":false,"thumbnail":false,"medium":false,"medium_large":false,"large":false,"1536x1536":false,"2048x2048":false,"wptouch-new-thumbnail":false,"post-thumbnail":false},"uagb_author_info":{"display_name":"Luc Gorce","author_link":"https:\/\/migennesrugby.fr\/?author=10"},"uagb_comment_info":0,"uagb_excerpt":"NOS INSTALLATIONS La section rugby dispose de trois terrains, dont deux \u00e9clair\u00e9s pour les entrainements. Le stade est en conformit\u00e9 avec le cahier des charges de la F.F.R (couloir de protection, tribune, main courante grillag\u00e9e, stade cl\u00f4tur\u00e9\u2026) Le stade a &hellip; Continuer la lecture &rarr;","coauthors":[],"author_meta":{"author_link":"https:\/\/migennesrugby.fr\/?author=10","display_name":"Luc Gorce"},"relative_dates":{"created":"Publi\u00e9 12 ans il y a","modified":"Mis \u00e0 jour 6 ans il y a"},"absolute_dates":{"created":"Publi\u00e9 le 22 juillet 2014","modified":"Mise \u00e0 jour le 16 ao\u00fbt 2020"},"absolute_dates_time":{"created":"Publi\u00e9 le 22 juillet 2014 2 h 06 min","modified":"Mise \u00e0 jour le 16 ao\u00fbt 2020 10 h 50 min"},"featured_img_caption":"","featured_img":false,"series_order":"","_links":{"self":[{"href":"https:\/\/migennesrugby.fr\/index.php?rest_route=\/wp\/v2\/pages\/674"}],"collection":[{"href":"https:\/\/migennesrugby.fr\/index.php?rest_route=\/wp\/v2\/pages"}],"about":[{"href":"https:\/\/migennesrugby.fr\/index.php?rest_route=\/wp\/v2\/types\/page"}],"author":[{"embeddable":true,"href":"https:\/\/migennesrugby.fr\/index.php?rest_route=\/wp\/v2\/users\/10"}],"replies":[{"embeddable":true,"href":"https:\/\/migennesrugby.fr\/index.php?rest_route=%2Fwp%2Fv2%2Fcomments&post=674"}],"version-history":[{"count":15,"href":"https:\/\/migennesrugby.fr\/index.php?rest_route=\/wp\/v2\/pages\/674\/revisions"}],"predecessor-version":[{"id":5745,"href":"https:\/\/migennesrugby.fr\/index.php?rest_route=\/wp\/v2\/pages\/674\/revisions\/5745"}],"up":[{"embeddable":true,"href":"https:\/\/migennesrugby.fr\/index.php?rest_route=\/wp\/v2\/pages\/10"}],"wp:attachment":[{"href":"https:\/\/migennesrugby.fr\/index.php?rest_route=%2Fwp%2Fv2%2Fmedia&parent=674"}],"curies":[{"name":"wp","href":"https:\/\/api.w.org\/{rel}","templated":true}]}}